{"id":8884,"date":"2024-04-03T15:10:56","date_gmt":"2024-04-03T13:10:56","guid":{"rendered":"https:\/\/www.julius-pfalz.de\/?page_id=8884"},"modified":"2024-08-29T09:58:48","modified_gmt":"2024-08-29T07:58:48","slug":"weinkreis","status":"publish","type":"page","link":"https:\/\/www.julius-pfalz.de\/?page_id=8884","title":{"rendered":"Weinkreis"},"content":{"rendered":"<p>Alle zwei Monate laden wir zur Teilnahme an einer Weinprobe mit besonderen, zum Teil raren, Weinen ein. Der Teilnehmerkreis ist auf 10 Personen beschr\u00e4nkt. Die Weine werden in zwei Runden blind probiert, anschlie\u00dfend diskutiert. Vor und nach der Probe gibt es jeweils ein Gericht passend zum Weinthema; zum Hauptgang k\u00f6nnen alle Flaschen leer getrunken werden.<\/p>\n<p>Interesse bzw. Anmeldung per Email: freunde@julius-pfalz.de<\/p>\n<hr \/>\n<p>&nbsp;<\/p>\n<p><span style=\"color: #993300;\"><strong>8. Oktober 2024, 19 Uhr bei uns in Hainfeld<br \/>\nThema: Chardonnay<\/strong><\/span><\/p>\n<p>folgende Weine stehen zur Probe aktuell zur Verf\u00fcgung, es wird weiter besammelt. Die endg\u00fcltige Auswahl erfolgt einen Monat vor der Probe:<\/p>\n<p><strong>PFALZ<br \/>\n<\/strong>2022 Chardonnay tro &#8222;L\u00f6ssriedel&#8220;, Klaus\/Marius Meyer, Rhodt (11,50)<br \/>\n2022 Chardonnay tro. &#8222;Mineral&#8220;, Klaus\/Marius Meyer, Rhodt<br \/>\n2022 Chardonnay tro. &#8222;Ton.Boden&#8220;, Sven Leiner (26,-)<strong><br \/>\n<\/strong>2021 Chardonnay Reserve, Sauer\/Nussdorf<br \/>\n2020 Chardonnay Schweigen tro, Friedrich Becker\/Schweigen (24,-)<br \/>\n2019 Chardonnay R\u00e9serve tro. Mineral, Friedrich Becker, Schweigen (44,-)<\/p>\n<p><strong>W\u00dcRRTEMB<\/strong><strong>ERG<\/strong><br \/>\n2021 Chardonnay tro. Besigheim Niederberg, Dautel (VDP) (39,-)<br \/>\n2021 Chardonnay &#8222;Nonnhorn&#8220;, Hornstein am See (bay.\/w\u00fcttemb.Bodensee) (19,-)<\/p>\n<p><strong>BADEN<\/strong><br \/>\n2020 Chardonnay tro. Steingrubenberg VDP.GG, Salwey (39,-)<br \/>\n2018 Chardonnay tro. &#8222;Juri&#8220; (Landwein), Brenneisen (56,-)<br \/>\n2020 Chardonnay tro. (Landwein), Greiner, Obereggen (35,-)<br \/>\n2020 Chardonnay tro. &#8222;St.Morand&#8220; (Landwein), Gebr\u00fcder Mathis, Mendingen (24,-)<br \/>\n2019 Chardonnay tro., Schneider\/Weil am Rhein<br \/>\n2021 Chardonnay tro. Alte Reben, Schneider\/Weil am Rhein<br \/>\n2022 Chardonnay tro. Endinger Engelsberg, Knab\/Endingen<\/p>\n<hr \/>\n<p><strong>26. November 2024, 19 Uhr bei uns in Hainfeld<br \/>\nThema: Sp\u00e4tburgunder\/Pinot Noir oder Cabernet Franc &#8211; Blaufr\u00e4nkisch<\/strong><\/p>\n<hr \/>\n<p><strong>M\u00e4rz 2025, 19 Uhr bei uns in Hainfeld<br \/>\nThema: Grauburgunder Pfalz \u2013 Baden \u2013 Elsass<br \/>\n<\/strong>folgende Weine stehen zur Probe aktuell zur Verf\u00fcgung, die endg\u00fcltige Auswahl erfolgt einen Monat vor der Probe:<strong><br \/>\nPFALZ<br \/>\n<\/strong>2014 Grauburgunder \u201eGleisweiler H\u00f6lle\u201c(VDP.Erste_Lage), Herbert Me\u00dfmer (19,-)<br \/>\n2022 Grauburgunder &#8222;Lehm.Boden&#8220;, Sven Leiner, Ilbesheim (21,-)<br \/>\n2020 Grauburgunder \u201eSonnenberg FG\u201c (VDP.Erste_Lage), Bernhardt, Schweigen-Rechtenbach (20,50)<br \/>\nGrauburgunder tro &#8222;orange&#8220;, Bassermann-Jordan<\/p>\n<p><strong>BADEN<br \/>\n<\/strong>2020 Grauburgunder \u201eHenkenberg\u201c (VDP.Gro\u00dfe_Lage), Salwey, Oberrotweil (39,-)<br \/>\n2020 Grauer Burgunder \u201eDottinger Castellberg\u201c, Martin Wa\u00dfmer, Bad Krotzingen (45,-)<br \/>\n2020 Pinot Gris tro (Landwein) Ziereisen<\/p>\n<p><strong>ELSASS<\/strong><br \/>\n2017 Pinot Gris Rosenberg Vieilles Vignes , Barm\u00e8s-Buecher (19,-)<strong><br \/>\n<\/strong>2021 Pinot Gris \u201eRoulee\u201c, Domaine Zind-Humbrecht, Turckheim (27,-)<br \/>\n2017 Pinot Gris Clos Windsbuhl, Domaine Zind-Humbrecht, Turckheim (74,-)<br \/>\n2017 Pinot Gris \u201eRangen de Thann\u201c, Domaine Zind-Humbrecht, Turckheim (100,-)<\/p>\n<p><strong>FRIAUL<\/strong><br \/>\n2023 Pinot Grigio&#8220;ramant&#8220;, Friuli Collo Orientali, Perusini, Corno di Rosazzo<br \/>\n(Die Verkaufspreise ab Weingut in Klammern dienen der Orientierung)<\/p>\n<hr \/>\n<p><strong><span style=\"color: #993300;\">A R C H I V<\/span><\/strong><\/p>\n<hr \/>\n<p><strong><span style=\"color: #993300;\">2. April, 19 Uhr bei uns in Hainfeld<\/span><br \/>\n<span style=\"color: #993300;\">Thema: Grauburgunder Pfalz \u2013 Baden \u2013 Elsass<\/span><br \/>\n<\/strong><strong>Preis: 70 \u20ac (f\u00fcr Weine, Speisen, Wasser)<\/strong><\/p>\n<p><strong>PFALZ<br \/>\n<\/strong>2019 Grauburgunder R\u00e9serve tro., F.Becker, Schweigen (44,-)<br \/>\n<strong><a href=\"https:\/\/www.julius-pfalz.de\/wp-content\/uploads\/2024\/07\/wk-pg-gb-scaled.jpg\"><img decoding=\"async\" loading=\"lazy\" class=\"size-medium wp-image-9033 alignright\" src=\"https:\/\/www.julius-pfalz.de\/wp-content\/uploads\/2024\/07\/wk-pg-gb-300x133.jpg\" alt=\"\" width=\"300\" height=\"133\" srcset=\"https:\/\/www.julius-pfalz.de\/wp-content\/uploads\/2024\/07\/wk-pg-gb-300x133.jpg 300w, https:\/\/www.julius-pfalz.de\/wp-content\/uploads\/2024\/07\/wk-pg-gb-1024x454.jpg 1024w, https:\/\/www.julius-pfalz.de\/wp-content\/uploads\/2024\/07\/wk-pg-gb-768x340.jpg 768w, https:\/\/www.julius-pfalz.de\/wp-content\/uploads\/2024\/07\/wk-pg-gb-1536x680.jpg 1536w, https:\/\/www.julius-pfalz.de\/wp-content\/uploads\/2024\/07\/wk-pg-gb-2048x907.jpg 2048w, https:\/\/www.julius-pfalz.de\/wp-content\/uploads\/2024\/07\/wk-pg-gb-500x221.jpg 500w\" sizes=\"(max-width: 300px) 100vw, 300px\" \/><\/a>BADEN<br \/>\n<\/strong>2020 Grauburgunder \u201eHenkenberg\u201c (VDP.Gro\u00dfe_Lage), Salwey, Oberrotweil (39,-)<br \/>\n2020 Grauer Burgunder Auggener Letten, Martin Wa\u00dfmer, Bad Krotzingen (45,-)<br \/>\n<strong>ELSASS<\/strong><br \/>\n2019 Pinot Gris \u201eCalcaire\u201c, Domaine Zind-Humbrecht, Turckheim (27,60)<br \/>\n2019 Pinot Gris \u201eHaimbourg\u201c, Domaine Zind-Humbrecht, Turckheim ( 52,-)<br \/>\n2020 Pinot Gris \u201eRotenberg\u201c, Domaine Zind-Humbrecht, Turckheim (52,-)<br \/>\n(Die Verkaufspreise ab Weingut Preise in Klammern dienen der Orientierung)<\/p>\n<p>SPEISEN:<br \/>\nZur Einstimmung: Vorspeise<br \/>\n<strong>Pasta di Riso &amp; B\u00e4rlauch | Perlhuhn | gebratener gr\u00fcner Spargel<br \/>\n<\/strong>2023 Grauburgunder \u201evom Kalk\u201c, Selektion Julius in der Pfalz (9,80)<br \/>\n2022 Grauburgunder \u201evom Kalk\u201c, Selektion Julius in der Pfalz (9,80)<\/p>\n<p>Nach der Probe: Hauptgang:<br \/>\n<strong>in Grauburgundersud geschmorte Iberico-Schweinebacke | Schmorgem\u00fcse bourguignon | gebratener Fr\u00fcchtebrot-Serviettenkn\u00f6del | mit Kaffee und Soja gegarte Selleriescheiben | Sellerie-Kartoffel-P\u00fcree<\/strong><\/p>\n<hr \/>\n<p><span style=\"color: #993300;\"><strong>3. Juni 2024, 19 Uhr bei uns in Hainfeld\u00a0<\/strong><strong><br \/>\nThema: Kerner, Sylvaner\/Silvaner und Gr\u00fcner Veltliner<\/strong><\/span><\/p>\n<p><strong>Kerner<\/strong><br \/>\n2023 &#8222;Justinus K&#8220; (Kerner), Staatsweingut Weinsberg (8,40)<br \/>\n2022 &#8222;Justinus K&#8220; (Kerner), Staatsweingut Weinsberg (8,40)<br \/>\n2022 Kerner, Kellerei Eisacktal, Brixen (12,50)<br \/>\n2021 Kerner Eisacktal, K\u00f6fererhof, Neustift-Varna (21,90)<br \/>\n2022 Kerner trocken, Alfons Hormuth, St. Martin (ca. 6,-)<br \/>\n<strong>am besten bewertet:<\/strong><br \/>\n<strong>2022 &#8222;Justinus K&#8220; (Kerner), Staatsweingut Weinsberg<\/strong><br \/>\n<strong>2022 Kerner, Kellerei Eisacktal, Brixen (12,50)<\/strong><\/p>\n<p><strong>Silvaner\/Sylvaner<\/strong><br \/>\n2019 Silvaner Muschelkalk tro., Porzelt, Klingenm\u00fcnster (12,-)<br \/>\n2020 Silvaner *** Alte Reben &#8220; Pferd Willi&#8220;, Dr. Heger, Ihringen (24,-)<br \/>\n2020 Sylvaner Vieilles Vignes, Domaine Hurst, Turckheim (12,-)<br \/>\n2022 Sylvaner, K\u00f6fererhof, Neustift-Varna (22,90)<br \/>\n2013 Sylvaner Brixner Eisacktaler, K\u00f6fererhof, Neustift-Varna (19,-)<br \/>\n2021 Silvaner trocken Julius Echter Berg VDP.Grosses Gew\u00e4chs, Wirsching, Iphofen<br \/>\n<strong>am besten bewertet:<br \/>\n2019 Silvaner Muschelkalk tro., Porzelt, Klingenm\u00fcnster<br \/>\n2020 Silvaner *** Alte Reben &#8220; Pferd Willi&#8220;, Dr. Heger, Ihringen<br \/>\n<\/strong><\/p>\n<p><strong>Gr\u00fcner Veltliner<a href=\"https:\/\/www.julius-pfalz.de\/wp-content\/uploads\/2024\/07\/wk-gruenerV-scaled.jpg\"><img decoding=\"async\" loading=\"lazy\" class=\"size-medium wp-image-9034 alignright\" src=\"https:\/\/www.julius-pfalz.de\/wp-content\/uploads\/2024\/07\/wk-gruenerV-214x300.jpg\" alt=\"\" width=\"214\" height=\"300\" srcset=\"https:\/\/www.julius-pfalz.de\/wp-content\/uploads\/2024\/07\/wk-gruenerV-214x300.jpg 214w, https:\/\/www.julius-pfalz.de\/wp-content\/uploads\/2024\/07\/wk-gruenerV-732x1024.jpg 732w, https:\/\/www.julius-pfalz.de\/wp-content\/uploads\/2024\/07\/wk-gruenerV-768x1075.jpg 768w, https:\/\/www.julius-pfalz.de\/wp-content\/uploads\/2024\/07\/wk-gruenerV-1097x1536.jpg 1097w, https:\/\/www.julius-pfalz.de\/wp-content\/uploads\/2024\/07\/wk-gruenerV-1463x2048.jpg 1463w, https:\/\/www.julius-pfalz.de\/wp-content\/uploads\/2024\/07\/wk-gruenerV-scaled.jpg 1829w\" sizes=\"(max-width: 214px) 100vw, 214px\" \/><\/a><\/strong><br \/>\n2023 Gr\u00fcner Veltliner tro., Thomas Dollt, Flemlingen (8,50)<br \/>\n2022 Gr\u00fcner Veltliner Wagram Classic, Ernst, Gro\u00dfweikersdorf (8,80)<br \/>\n2022 Gr\u00fcner Veltliner Wagram Fumberg, Wimme-Czermy, Fels am Wagram (BioDyn.) (11,-)<br \/>\n2023 Gr\u00fcner Veltliner, Kremstal Frauengrund, Josef Dockner, H\u00f6henbach (10,-)<br \/>\n2022 Gr\u00fcner Veltliner Kremstal Reserve 1. Lage Steinb\u00fchel, Josef Dockner, H\u00f6henbach (18,-)<br \/>\n<strong>am besten bewertet:<br \/>\n2023 Gr\u00fcner Veltliner, Kremstal Frauengrund, Josef Dockner, H\u00f6henbach<\/strong><\/p>\n<p>Zur Einstimmung: Vorspeise<br \/>\n<strong>Krautfleckerl | Fleeschknepp | K\u00fcmmel | K\u00fcrbiskern\u00f6l<br \/>\n<\/strong>Nach der Probe: Hauptgang:<br \/>\n<strong>Sous-vide gegarter Kalbstafelspitz | Kr\u00e4uter-Kartoffel-Gnocchi | Mangold | helle Sauce vom Kalbsfond<\/strong><\/p>\n<hr \/>\n<p><span style=\"color: #993300;\"><strong>30. Juli 2024, 19 Uhr bei uns in Hainfeld<br \/>\nThema:<\/strong><\/span><strong><span style=\"color: #993300;\"> Wei\u00dfburgunder<\/span><a href=\"https:\/\/www.julius-pfalz.de\/wp-content\/uploads\/2024\/08\/WKweissburgunder-scaled.jpg\"><img decoding=\"async\" loading=\"lazy\" class=\"size-medium wp-image-9068 alignright\" src=\"https:\/\/www.julius-pfalz.de\/wp-content\/uploads\/2024\/08\/WKweissburgunder-300x131.jpg\" alt=\"\" width=\"300\" height=\"131\" srcset=\"https:\/\/www.julius-pfalz.de\/wp-content\/uploads\/2024\/08\/WKweissburgunder-300x131.jpg 300w, https:\/\/www.julius-pfalz.de\/wp-content\/uploads\/2024\/08\/WKweissburgunder-1024x447.jpg 1024w, https:\/\/www.julius-pfalz.de\/wp-content\/uploads\/2024\/08\/WKweissburgunder-768x336.jpg 768w, https:\/\/www.julius-pfalz.de\/wp-content\/uploads\/2024\/08\/WKweissburgunder-1536x671.jpg 1536w, https:\/\/www.julius-pfalz.de\/wp-content\/uploads\/2024\/08\/WKweissburgunder-2048x895.jpg 2048w, https:\/\/www.julius-pfalz.de\/wp-content\/uploads\/2024\/08\/WKweissburgunder-500x218.jpg 500w\" sizes=\"(max-width: 300px) 100vw, 300px\" \/><\/a><\/strong><\/p>\n<p><strong>PFALZ<\/strong><br \/>\n2022 Weisser Burgunder 350 NN, Odinstal, Wachenheim (30,-)<br \/>\n2022 Wei\u00dfburgunder \u201eKalk.Boden\u201c tro., Weingut Leiner (22,-)<br \/>\n2022 Wei\u00dfburgunder trocken Godramsteiner M\u00fcnzberg, Sauer\/Nussdorf (15,-)<br \/>\n2022 Wei\u00dfburgunder (Gewanne Raedling), Scheu\/Schweigen (18,-)<br \/>\n2022 Wei\u00dfburgunder Rhodter Rosengarten, Stefan Meyer\/Rhodt (21,-)<br \/>\n2022 Wei\u00dfer Burgunder tro Siebeldingen- vom Muschelkalk. VDP.Ortswein, \u00d6konomierat Rebholz\/Siebeldingen (26,-)<br \/>\n2012 Weissburgunder tro. Birkweiler Mandelberg, Kleinmann\/Birkweiler (26,-)<br \/>\n<strong>BADEN<\/strong><br \/>\n2021 Wei\u00dfburgunder trocken &#8222;Steinkreuz&#8220; (Landwein), Greiner\/Obereggen (28,-)<br \/>\n2021 Weisser Burgunder tro. Schlatter Maltesergarten Gro\u00dfes Gew\u00e4chs, Martin Wa\u00dfmer (19,50)<br \/>\n2021 Wei\u00dfer Burgunder tro., Sommertal, Aufricht\/Settten (bad.Bodensee) (28,70)<br \/>\n<strong>W\u00dcRTTEMBERG<\/strong><br \/>\n2022 Weissburgunder tro. Schlo\u00dfberg VDP.Grosses Gew\u00e4chs, Graf Neipperg\/Schweigern (25,-)<\/p>\n<p><strong>\u00dcberraschungswein (von Heiner Sauer mitgebracht und super bewertet):<\/strong><br \/>\n<strong>2014 Wei\u00dfburgunder trocken Godramsteiner M\u00fcnzberg, Sauer\/Nussdorf\u00a0<\/strong><\/p>\n<p><strong>Die Speisen:<br \/>\n<\/strong><strong>Ricotta-Suffle | Salat von Sommergem\u00fcsen | Melone | krosser Speck<br \/>\n<\/strong>2022 Wei\u00dfburgunder Schweigen &#8222;Kalkgestein&#8220; tro., Scheu\/Schweigen (10,50)<br \/>\n2023 Wei\u00dfer Burgunder tro. VDP.Gutswein, \u00d6konomierat Rebholz\/Siebeldingen (13,90)<br \/>\nAls Hauptgang (nach dem Durchgang der Probe):<br \/>\n<strong>Kalbfleischragout | Cipolla | Kapern &amp; Estragon | Zuckerschoten | Kartoffel-Gnocchi | helle Sauce vom Kalbsfond<\/strong><\/p>\n","protected":false},"excerpt":{"rendered":"<p>Alle zwei Monate laden wir zur Teilnahme an einer Weinprobe mit besonderen, zum Teil raren, Weinen ein. Der Teilnehmerkreis ist auf 10 Personen beschr\u00e4nkt. Die Weine werden in zwei Runden blind probiert, anschlie\u00dfend diskutiert. Vor und nach der Probe gibt &hellip; <a href=\"https:\/\/www.julius-pfalz.de\/?page_id=8884\">Weiterlesen <span class=\"meta-nav\">&rarr;<\/span><\/a><\/p>\n","protected":false},"author":1,"featured_media":0,"parent":0,"menu_order":0,"comment_status":"closed","ping_status":"closed","template":"","meta":[],"_links":{"self":[{"href":"https:\/\/www.julius-pfalz.de\/index.php?rest_route=\/wp\/v2\/pages\/8884"}],"collection":[{"href":"https:\/\/www.julius-pfalz.de\/index.php?rest_route=\/wp\/v2\/pages"}],"about":[{"href":"https:\/\/www.julius-pfalz.de\/index.php?rest_route=\/wp\/v2\/types\/page"}],"author":[{"embeddable":true,"href":"https:\/\/www.julius-pfalz.de\/index.php?rest_route=\/wp\/v2\/users\/1"}],"replies":[{"embeddable":true,"href":"https:\/\/www.julius-pfalz.de\/index.php?rest_route=%2Fwp%2Fv2%2Fcomments&post=8884"}],"version-history":[{"count":50,"href":"https:\/\/www.julius-pfalz.de\/index.php?rest_route=\/wp\/v2\/pages\/8884\/revisions"}],"predecessor-version":[{"id":9087,"href":"https:\/\/www.julius-pfalz.de\/index.php?rest_route=\/wp\/v2\/pages\/8884\/revisions\/9087"}],"wp:attachment":[{"href":"https:\/\/www.julius-pfalz.de\/index.php?rest_route=%2Fwp%2Fv2%2Fmedia&parent=8884"}],"curies":[{"name":"wp","href":"https:\/\/api.w.org\/{rel}","templated":true}]}}