{"id":8882,"date":"2024-04-03T15:09:22","date_gmt":"2024-04-03T13:09:22","guid":{"rendered":"https:\/\/www.julius-pfalz.de\/?page_id=8882"},"modified":"2024-04-03T15:09:22","modified_gmt":"2024-04-03T13:09:22","slug":"vinothek","status":"publish","type":"page","link":"https:\/\/www.julius-pfalz.de\/?page_id=8882","title":{"rendered":"Vinothek"},"content":{"rendered":"<p><span style=\"color: #000000;\">Seit \u00fcber 35 bin ich passionierter Weinh\u00e4ndler mit eigener Weinhandlung in Herne\/Ruhrgebiet. Seit 2012 lebe ich in der Pfalz, in Hainfeld und fr\u00f6ne weiter meiner Leidenschaft. Ich habe die wichtigsten Winzer hier in der Pfalz intensiv kennen gelernt und ihre Weine immer wieder hin und her probiert. Eine besondere Selektion Pf\u00e4lzer Weine hat sich entwickelt und wird immer wieder angepasst<a href=\"https:\/\/www.julius-pfalz.de\/wp-content\/uploads\/2022\/08\/laden22-a-scaled.jpg\"><img decoding=\"async\" loading=\"lazy\" class=\"alignright wp-image-8083\" src=\"https:\/\/www.julius-pfalz.de\/wp-content\/uploads\/2022\/08\/laden22-a-300x177.jpg\" alt=\"\" width=\"302\" height=\"183\" \/><\/a><\/span><\/p>\n<p><span style=\"color: #000000;\">Seit \u00fcber 20 Jahren koche ich professionell. Zur Speisenbegleitung ben\u00f6tigt man &#8211; meiner Meinung nach &#8211; andere Weine als \u201efruchtig-lecker\u201c, da bin ich Franzose. Zu einer ambitionierten K\u00fcche sind vielschichtige, runde, auch reife Weine gefordert. Dies hat mein Sortiment weiter ver\u00e4ndert. Hinzu kam, dass wir bei unseren Weinmen\u00fcs Winzer und Weine au\u00dferhalb der Pfalz zu Gast hatten. Nun stehen auch Top-Weine von der Mosel, der Saar, (Landweine!) aus Baden, der Thermenregion \u00d6sterreichs, aus dem Elsass, aus S\u00fcdtirol, Piemont, Toskana, Bordeaux, und S\u00fcdfrankreich in unserer Vinothek.<\/span><\/p>\n<p><span style=\"color: #000000;\">Ich verkaufe gerne Wein, denn auch davon lebe ich!<\/span><br \/>\n<span style=\"color: #000000;\">Und ich verspreche: beste Qualit\u00e4t, hohe, auch ungeahnte Geschmackserlebnisse und das zu Weingutspreisen.<\/span><\/p>\n<p><span style=\"color: #000000;\">Bedienen Sie sich! \u00dcbrigens: Wir versenden auch.<\/span><br \/>\n<span style=\"color: #000000;\">Hartmut Julius Meimberg<\/span><\/p>\n<p>&nbsp;<\/p>\n<hr \/>\n<p><span style=\"color: #000000;\"><strong>Unsere Sortiment au\u00dferhalb Hainfeld und der Pfalz:<br \/>\n<\/strong>Weingut Schloss Saarstein, Saar<\/span><br \/>\n<span style=\"color: #000000;\">Weingut Gehlen-Cornelis, Mosel &#8211; <\/span><a href=\"https:\/\/www.julius-pfalz.de\/?page_id=8072\"><strong><span style=\"color: #993300;\">MEHR<\/span><\/strong><\/a><br \/>\n<span style=\"color: #000000;\">Weingut Greiner (Landweine!), Markgr\u00e4flerland &#8211; <a href=\"https:\/\/www.julius-pfalz.de\/?page_id=8159\"><strong><span style=\"color: #993300;\">MEHR<\/span><\/strong><\/a><br \/>\nWeingut Ziereisen (Landweine!), Markgr\u00e4flerland<\/span><br \/>\n<span style=\"color: #000000;\">Weingut Brenneisen (Landweine!), Markgr\u00e4flerland &#8211; <\/span><span style=\"color: #993300;\"><a style=\"color: #993300;\" href=\"https:\/\/www.julius-pfalz.de\/?page_id=8151\"><strong>MEHR<\/strong><\/a><\/span><br \/>\n<span style=\"color: #000000;\">Sekt Griesel &amp; Cie., Hessische Bergstra\u00dfe &#8211; <a href=\"https:\/\/www.julius-pfalz.de\/?page_id=8812\"><span style=\"color: #993300;\"><strong>MEHR<\/strong><\/span><\/a><\/span><\/p>\n<p><span style=\"color: #000000;\">Weingut Auer, Thermenregion (\u00d6sterreich) &#8211; <a href=\"https:\/\/www.julius-pfalz.de\/?page_id=8285\"><span style=\"color: #993300;\"><strong>MEHR<\/strong><\/span><\/a><\/span><br \/>\n<span style=\"color: #000000;\">Domaine Hurst, Turkheim (Elsass\/Frankreich) &#8211; <\/span><span style=\"color: #993300;\"><a style=\"color: #993300;\" href=\"https:\/\/www.julius-pfalz.de\/?page_id=8069\"><strong>MEHR<\/strong><\/a><\/span><br \/>\n<span style=\"color: #000000;\">Ansitz Waldgries, S\u00fcdtirol (Italien) &#8211; <a href=\"https:\/\/www.julius-pfalz.de\/?page_id=8192\"><span style=\"color: #993300;\"><strong>MEHR<\/strong><\/span><\/a><\/span><br \/>\n<span style=\"color: #000000;\">Auer, Thermenregion (\u00d6sterreich) &#8211; <a href=\"https:\/\/www.julius-pfalz.de\/?page_id=8285\"><span style=\"color: #993300;\"><strong>MEHR<\/strong><\/span><\/a><\/span><br \/>\n<span style=\"color: #000000;\">Fattoria di Frascole, Toskana Rufina (Italien)<\/span><br \/>\n<span style=\"color: #000000;\">Domaine de Cambis, St. Chinian Berlou (Frankreich) &#8211; <span style=\"color: #993300;\"><a style=\"color: #993300;\" href=\"https:\/\/www.julius-pfalz.de\/?page_id=8048\"><strong>MEHR<\/strong><\/a><\/span><\/span><br \/>\n<span style=\"color: #000000;\">Domaine Cros, Minervois (Frankreich)<\/span><\/p>\n<p><span style=\"color: #000000;\">Hinweis: nach und nach gibt es unter <strong>MEHR<\/strong> zu diesen Weing\u00fctern Informationen aus erster Hand &#8211; und nat\u00fcrlich die Listung der Weine, die wir hier in Hainfeld f\u00fcr Sie vorr\u00e4tig halten.<\/span><\/p>\n","protected":false},"excerpt":{"rendered":"<p>Seit \u00fcber 35 bin ich passionierter Weinh\u00e4ndler mit eigener Weinhandlung in Herne\/Ruhrgebiet. Seit 2012 lebe ich in der Pfalz, in Hainfeld und fr\u00f6ne weiter meiner Leidenschaft. Ich habe die wichtigsten Winzer hier in der Pfalz intensiv kennen gelernt und ihre &hellip; <a href=\"https:\/\/www.julius-pfalz.de\/?page_id=8882\">Weiterlesen <span class=\"meta-nav\">&rarr;<\/span><\/a><\/p>\n","protected":false},"author":1,"featured_media":0,"parent":0,"menu_order":0,"comment_status":"closed","ping_status":"closed","template":"","meta":[],"_links":{"self":[{"href":"https:\/\/www.julius-pfalz.de\/index.php?rest_route=\/wp\/v2\/pages\/8882"}],"collection":[{"href":"https:\/\/www.julius-pfalz.de\/index.php?rest_route=\/wp\/v2\/pages"}],"about":[{"href":"https:\/\/www.julius-pfalz.de\/index.php?rest_route=\/wp\/v2\/types\/page"}],"author":[{"embeddable":true,"href":"https:\/\/www.julius-pfalz.de\/index.php?rest_route=\/wp\/v2\/users\/1"}],"replies":[{"embeddable":true,"href":"https:\/\/www.julius-pfalz.de\/index.php?rest_route=%2Fwp%2Fv2%2Fcomments&post=8882"}],"version-history":[{"count":1,"href":"https:\/\/www.julius-pfalz.de\/index.php?rest_route=\/wp\/v2\/pages\/8882\/revisions"}],"predecessor-version":[{"id":8883,"href":"https:\/\/www.julius-pfalz.de\/index.php?rest_route=\/wp\/v2\/pages\/8882\/revisions\/8883"}],"wp:attachment":[{"href":"https:\/\/www.julius-pfalz.de\/index.php?rest_route=%2Fwp%2Fv2%2Fmedia&parent=8882"}],"curies":[{"name":"wp","href":"https:\/\/api.w.org\/{rel}","templated":true}]}}