{"id":5550,"date":"2018-01-31T23:43:24","date_gmt":"2018-01-31T21:43:24","guid":{"rendered":"http:\/\/www.julius-pfalz.de\/wp\/?page_id=5550"},"modified":"2018-05-28T16:27:27","modified_gmt":"2018-05-28T14:27:27","slug":"essbare-wildkraeuterpflanzen","status":"publish","type":"page","link":"https:\/\/www.julius-pfalz.de\/?page_id=5550","title":{"rendered":"Essbare Wildkr\u00e4uter\/pflanzen"},"content":{"rendered":"<p><strong>Ein Spaziergang mit Apotheker Kurt von Nida<br \/>\nmit anschlie\u00dfendem Kochkurs.<\/strong><br \/>\nFreitag, 25. bis Sonntag 27. Mai 2018<\/p>\n<p>Wildkr\u00e4uterwanderungen sind ein Erlebnis f\u00fcr die Sinne. Sehen \u2013 f\u00fchlen \u2013 schmecken \u2013 riechen \u2013 die essbaren Wildkr\u00e4uter genie\u00dfen. W\u00fcrzige Aromen entfalten ihre einzigartigen Geschmacksrichtungen, von s\u00fc\u00df bis bitter. In W\u00e4ldern und auf Wiesen versteckt sich eine unvorstellbare Vielzahl kulinarischer Ungew\u00f6hnlichkeiten, die zu Unrecht in Vergessenheit geraten sind. In der Nahrungsgeschichte der Menschheit sicherten Wildpflanzen einst unser Leben. Heute finden sie wieder zunehmend Verwendung in einer neuen modernen K\u00fcche. Gegen\u00fcber den Anbauprodukten sind sie oft aromatischer mit erstaunlichen W\u00fcrznoten, weisen einen hohen Gesundheitswert auf und eignen sich besonders f\u00fcr die Zubereitung au\u00dfergew\u00f6hnlicher Speisen.<\/p>\n<p>Unser Referent und F\u00fchrer\u00a0Kurt von Nida ist Apotheker aus Kleinfischlingen in der S\u00fcdpffalz, hat sich seit seinem Studium mit Kr\u00e4utern besch\u00e4ftigt und baut auf 3000 m\u00b2 eigene Bio-Kr\u00e4uter f\u00fcr seine Apotheke an.<\/p>\n<p>Als weiteres Highlight wird Julius Meimberg mit Ihnen und den gesammelten Wildpflanzen kochen.<\/p>\n<div class=\"entry-content\">\n<p><strong>Samstag, 26.05.18, 15 bis 23 Uhr<\/strong><a href=\"https:\/\/www.julius-pfalz.de\/wp-content\/uploads\/2012\/11\/rotes-Baslikum-und-Salat.jpg\" data-slb-active=\"1\" data-slb-asset=\"977524886\" data-slb-internal=\"0\" data-slb-group=\"5698\"><img decoding=\"async\" loading=\"lazy\" class=\"alignright wp-image-1268 size-medium\" src=\"https:\/\/www.julius-pfalz.de\/wp-content\/uploads\/2012\/11\/rotes-Baslikum-und-Salat-300x200.jpg\" sizes=\"(max-width: 300px) 100vw, 300px\" srcset=\"https:\/\/www.julius-pfalz.de\/wp-content\/uploads\/2012\/11\/rotes-Baslikum-und-Salat-300x200.jpg 300w, https:\/\/www.julius-pfalz.de\/wp-content\/uploads\/2012\/11\/rotes-Baslikum-und-Salat-449x300.jpg 449w, https:\/\/www.julius-pfalz.de\/wp-content\/uploads\/2012\/11\/rotes-Baslikum-und-Salat.jpg 850w\" alt=\"Rotes Basilikum und Salat\" width=\"300\" height=\"200\" \/><\/a>Unser Referent und F\u00fchrer\u00a0Kurt von Nida ist Apotheker aus Kleinfischlingen in der S\u00fcdpffalz, hat sich seit seinem Studium mit Kr\u00e4utern besch\u00e4ftigt und baute auf 3000 m\u00b2 eigene Bio-Kr\u00e4uter f\u00fcr seine Apotheke an.<br \/>\nAls weiteres Highlight wird Julius Meimberg mit Ihnen und den gesammelten Wildpflanzen kochen.<\/p>\n<ul>\n<li><em>1<strong>5 Uhr: F\u00fchrung und Erl\u00e4uterung zu den Wildkr\u00e4utern mit Kurt von Nida;<\/strong><br \/>\n<\/em><\/li>\n<li><strong>ab 17.30 Uhr: Kochkurs Wildkr\u00e4uter<br \/>\n<em>incl. Rezepte, Speisen, begleitender Weine, Wasser, Espresso<\/em><br \/>\n<\/strong><\/li>\n<\/ul>\n<p><strong>Kochkurs mit Julius Meimberg:<\/strong><\/p>\n<ul>\n<li><strong>Winzer-Apero<\/strong><br \/>\nSekt mit Wildkr\u00e4utern: Zitronenmelisse, Waldmeister, Pfefferminze, Holunderbl\u00fcte<\/li>\n<li><strong>Gazpacho verde<\/strong><br \/>\nWildkr\u00e4uter: Vogelmiere, Sauerampfer, Franzosenkraut, wilde Rauke, Zitronenmeliise<\/li>\n<li><strong>mediterraner Gem\u00fcsesalat | Feta | Wildkr\u00e4uter-Pesto<\/strong><br \/>\nWildkr\u00e4uter: Schafgabe, Vogelmiere, Pimpinelle, Quendel (Feldthymian)<\/li>\n<li><strong>Frischk\u00e4se-Ravioli | Wildkr\u00e4uter | wei\u00dfer Spargel | Parmesan<\/strong><br \/>\nWildkr\u00e4uter: wei\u00dfe Melde, Vogelmiere, wilde Rauke, Zitronenverbene<\/li>\n<li><strong>gebratenes Perlhuhn &amp; Salbei | Pf\u00e4lzer Pilz-Risotto | Wildkr\u00e4uter | Pariser Sauce<\/strong><br \/>\nWildkr\u00e4uter: Brennnessel, Sauerampfer | Giersch<\/li>\n<li><strong>im Gew\u00fcrzsud marinierter Pfirsich | Panna Cotta &amp; Holunderbl\u00fcte | Schokolade &amp; Gundermann<\/strong><\/li>\n<\/ul>\n<\/div>\n<ul>\n<li><i><em>Freitag, 25.5<\/em>.:<\/i><i> <em>Begr\u00fc\u00dfung mit einem Glas Wein<\/em><\/i><\/li>\n<li><em>Samstag, 26.5.:<\/em><em><span style=\"text-decoration: underline;\"> Am Vormittag<\/span>: F\u00fchrung und Erl\u00e4uterung zu den Wildkr\u00e4utern mit Kurt von Nida;<br \/>\nab 17 h<\/em><em>: <\/em><em>Kochkurs in unserer Kochwerkstatt \u201eWildkr\u00e4uter\u201c <\/em><em>incl. Speisen, begleitender Weine, Wasser, Espresso<\/em><\/li>\n<li><em>Sonntag, 27.5.:<\/em><em> Verabschiedung\/Abreise<\/em><\/li>\n<\/ul>\n<p><strong>Arrangement: 2 N\u00e4chte im Doppelzimmer-Appartement incl. Gourmet-Fr\u00fchst\u00fcck, und Programm, insb. Kr\u00e4uterwanderung und Kochkurs.<br \/>\n<strong>Preis: \u20ac 295,-\u00a0 (je Person im Doppelzimmer)<\/strong><\/strong><\/p>\n<p><a href=\"https:\/\/www.julius-pfalz.de\/?page_id=4451\"><span style=\"color: #993300;\">zur\u00fcck zur \u00dcbersicht<\/span><\/a><\/p>\n","protected":false},"excerpt":{"rendered":"<p>Ein Spaziergang mit Apotheker Kurt von Nida mit anschlie\u00dfendem Kochkurs. Freitag, 25. bis Sonntag 27. Mai 2018 Wildkr\u00e4uterwanderungen sind ein Erlebnis f\u00fcr die Sinne. Sehen \u2013 f\u00fchlen \u2013 schmecken \u2013 riechen \u2013 die essbaren Wildkr\u00e4uter genie\u00dfen. W\u00fcrzige Aromen entfalten ihre &hellip; <a href=\"https:\/\/www.julius-pfalz.de\/?page_id=5550\">Weiterlesen <span class=\"meta-nav\">&rarr;<\/span><\/a><\/p>\n","protected":false},"author":1,"featured_media":0,"parent":0,"menu_order":0,"comment_status":"closed","ping_status":"closed","template":"","meta":[],"_links":{"self":[{"href":"https:\/\/www.julius-pfalz.de\/index.php?rest_route=\/wp\/v2\/pages\/5550"}],"collection":[{"href":"https:\/\/www.julius-pfalz.de\/index.php?rest_route=\/wp\/v2\/pages"}],"about":[{"href":"https:\/\/www.julius-pfalz.de\/index.php?rest_route=\/wp\/v2\/types\/page"}],"author":[{"embeddable":true,"href":"https:\/\/www.julius-pfalz.de\/index.php?rest_route=\/wp\/v2\/users\/1"}],"replies":[{"embeddable":true,"href":"https:\/\/www.julius-pfalz.de\/index.php?rest_route=%2Fwp%2Fv2%2Fcomments&post=5550"}],"version-history":[{"count":9,"href":"https:\/\/www.julius-pfalz.de\/index.php?rest_route=\/wp\/v2\/pages\/5550\/revisions"}],"predecessor-version":[{"id":5724,"href":"https:\/\/www.julius-pfalz.de\/index.php?rest_route=\/wp\/v2\/pages\/5550\/revisions\/5724"}],"wp:attachment":[{"href":"https:\/\/www.julius-pfalz.de\/index.php?rest_route=%2Fwp%2Fv2%2Fmedia&parent=5550"}],"curies":[{"name":"wp","href":"https:\/\/api.w.org\/{rel}","templated":true}]}}