{"id":4668,"date":"2017-01-22T18:58:07","date_gmt":"2017-01-22T16:58:07","guid":{"rendered":"http:\/\/www.julius-pfalz.de\/wp\/?page_id=4668"},"modified":"2025-09-24T15:42:22","modified_gmt":"2025-09-24T13:42:22","slug":"arrangement-pfingsten","status":"publish","type":"page","link":"https:\/\/www.julius-pfalz.de\/?page_id=4668","title":{"rendered":"Arrangement Pfingsten 2026"},"content":{"rendered":"<h2><strong><span style=\"color: #008000;\"><span style=\"color: #993300;\">Freitag bis Pfingstmontag,\u00a0 22. bis 25. Mai 2026<\/span><\/span><\/strong><\/h2>\n<ul>\n<li><em>Freitag, 22.05.: Begr\u00fc\u00dfung mit einem Glas Wein<\/em><\/li>\n<li><em><a href=\"https:\/\/www.julius-pfalz.de\/wp-content\/uploads\/2020\/05\/me\u00dfmer-20-6-2Ricotta.png\"><img decoding=\"async\" loading=\"lazy\" class=\"alignright wp-image-6839\" src=\"https:\/\/www.julius-pfalz.de\/wp-content\/uploads\/2020\/05\/me\u00dfmer-20-6-2Ricotta-300x169.png\" alt=\"\" width=\"250\" height=\"141\" srcset=\"https:\/\/www.julius-pfalz.de\/wp-content\/uploads\/2020\/05\/me\u00dfmer-20-6-2Ricotta-300x169.png 300w, https:\/\/www.julius-pfalz.de\/wp-content\/uploads\/2020\/05\/me\u00dfmer-20-6-2Ricotta-500x281.png 500w, https:\/\/www.julius-pfalz.de\/wp-content\/uploads\/2020\/05\/me\u00dfmer-20-6-2Ricotta.png 709w\" sizes=\"(max-width: 250px) 100vw, 250px\" \/><\/a>Samstag, 23.05.: Kochkurs\u00a0 &#8222;Sommeranfang&#8220;, ab 16 h <\/em><em>das 4-g\u00e4ngige Men\u00fc vorbereiten, ab 20 h jeden Gang fertigstellen und mit Weinbegleitung verspeisen;<\/em><\/li>\n<li><em>Pfingstsonntag, 24.05.: Fr\u00fchschoppen um 11 h (beste Zeit Wein zu probieren!) mit neuen Weinentdeckungen;<\/em><\/li>\n<li><em>Pfingstmontag, 25.05.: Verabschiedung\/Abreise.<\/em><\/li>\n<\/ul>\n<p><strong>Arrangement: 3 N\u00e4chte im Doppelzimmer-Appartement incl. Gourmet-Fr\u00fchst\u00fcck, Programm: insbes. Kochkurs, Preis: 520 \u20ac\u00a0 (je Person im Doppelzimmer)<\/strong><\/p>\n<p>Hinweis: es besteht die M\u00f6glichkeit, dass man nur am Men\u00fc, anstelle am gesamten Kochkurs teilzunehmen (Preisreduktion: \u20ac 45,00).<\/p>\n<p style=\"text-align: left;\" align=\"left\"><span style=\"color: #000000;\"><a style=\"color: #000000;\" href=\"https:\/\/www.julius-pfalz.de\/?page_id=4451\">zur\u00fcck zur Arrangement-\u00dcbersicht<\/a><\/span><\/p>\n","protected":false},"excerpt":{"rendered":"<p>Freitag bis Pfingstmontag,\u00a0 22. bis 25. Mai 2026 Freitag, 22.05.: Begr\u00fc\u00dfung mit einem Glas Wein Samstag, 23.05.: Kochkurs\u00a0 &#8222;Sommeranfang&#8220;, ab 16 h das 4-g\u00e4ngige Men\u00fc vorbereiten, ab 20 h jeden Gang fertigstellen und mit Weinbegleitung verspeisen; Pfingstsonntag, 24.05.: Fr\u00fchschoppen um &hellip; <a href=\"https:\/\/www.julius-pfalz.de\/?page_id=4668\">Weiterlesen <span class=\"meta-nav\">&rarr;<\/span><\/a><\/p>\n","protected":false},"author":1,"featured_media":0,"parent":0,"menu_order":0,"comment_status":"closed","ping_status":"closed","template":"","meta":[],"_links":{"self":[{"href":"https:\/\/www.julius-pfalz.de\/index.php?rest_route=\/wp\/v2\/pages\/4668"}],"collection":[{"href":"https:\/\/www.julius-pfalz.de\/index.php?rest_route=\/wp\/v2\/pages"}],"about":[{"href":"https:\/\/www.julius-pfalz.de\/index.php?rest_route=\/wp\/v2\/types\/page"}],"author":[{"embeddable":true,"href":"https:\/\/www.julius-pfalz.de\/index.php?rest_route=\/wp\/v2\/users\/1"}],"replies":[{"embeddable":true,"href":"https:\/\/www.julius-pfalz.de\/index.php?rest_route=%2Fwp%2Fv2%2Fcomments&post=4668"}],"version-history":[{"count":42,"href":"https:\/\/www.julius-pfalz.de\/index.php?rest_route=\/wp\/v2\/pages\/4668\/revisions"}],"predecessor-version":[{"id":9479,"href":"https:\/\/www.julius-pfalz.de\/index.php?rest_route=\/wp\/v2\/pages\/4668\/revisions\/9479"}],"wp:attachment":[{"href":"https:\/\/www.julius-pfalz.de\/index.php?rest_route=%2Fwp%2Fv2%2Fmedia&parent=4668"}],"curies":[{"name":"wp","href":"https:\/\/api.w.org\/{rel}","templated":true}]}}