{"id":4289,"date":"2016-08-30T14:56:44","date_gmt":"2016-08-30T12:56:44","guid":{"rendered":"http:\/\/www.julius-pfalz.de\/wp\/?page_id=4289"},"modified":"2023-01-23T16:01:50","modified_gmt":"2023-01-23T14:01:50","slug":"bewertung-durch-gaeste","status":"publish","type":"page","link":"https:\/\/www.julius-pfalz.de\/?page_id=4289","title":{"rendered":"Bewertung durch G\u00e4ste"},"content":{"rendered":"<p>\u201eDas Art-Hotel Julius aus der Pfalz ist ein echter Geheimtipp, klein und fein!<br \/>\nDie individuelle Begr\u00fc\u00dfung im bezaubernden Innenhof half uns sofort zu entschleunigen.\u00a0Auch den Kr\u00e4utergarten haben wir immer wieder zum Verweilen aufgesucht.<br \/>\nLegend\u00e4r ist das Fr\u00fchst\u00fcck. Nicht am B\u00fcfett anstehen, sondern individuell werden kleine K\u00f6stlichkeiten f\u00fcr jedes Paar bzw. Einzelperson auf einer Etagere angerichtet am Platz serviert. Und warme Speisen noch w\u00e4hrend des Fr\u00fchst\u00fccks dazu gereicht.\u201c H.+ Ch. R. aus Jena, 20.10.2022<\/p>\n<p>&#8222;&#8230; wir haben die Zeit, das Essen, die Weine und ihre herzliche Gastfreundschaft sehr genossen. Wir hatten wundersch\u00f6ne Tage, eine tollen Wanderung, eine sehr unterhaltsamen Weinprobe und ein herausragendes Weinmen\u00fc. Daf\u00fcr vielen Dank !&#8220; M.D. aus Ulm, 15.06.2020<\/p>\n<p>&#8222;Wir wissen es sehr zu sch\u00e4tzen, dass Menschen wie Sie, solch sch\u00f6ne Oasen errichten, damit wir uns darin wohl f\u00fchlen und wieder Kraft &amp; Energie tanken k\u00f6nnen und Abstand vom Alltag haben! Wir kommen ganz sicher wieder\u2026&#8220; T.G. aus Benningen, 9.6.2020<\/p>\n<p>&#8222;&#8230; uns hat es sehr gut bei Ihnen gefallen, vor allem Ihre unaufgeregte Freundlichkeit und Aufmerksamkeit.&#8220; G. &amp; S. aus F\u00fcrth, 6.6.2020<\/p>\n<p>&#8220; &#8230; angef\u00fcllt mit Gl\u00fcckshormonen sind wir gut und schnell zu Hause angekommen. Wir haben die Tage in so netter, harmonischer Gesellschaft in Ihrem Haus sehr genossen und\u00a0 danken Ihnen herzlich f\u00fcr die Wohlf\u00fchlatmosp\u00e4re, da\u00df umsorgt werden und die Aufmerksamkeit die Sie Ihren G\u00e4sten widmen.&#8220; U. aus Wertheim 1.1.2020<\/p>\n<p>&#8222;&#8230;&#8230;zum wiederholten Male konnten wir als G\u00e4ste den wundersch\u00f6n umgebauten Winzerhof einige Tage genie\u00dfen! Anfang November 2019 waren wir beim Weinmen\u00fc mit begleitenden Weinen von \u201e Van Volxem\u201c zugegen. Ganz besonders begeisterte uns<br \/>\ndie hervorragende Zusammenstellung der Speisenabfolge auf qualitativ hohem Niveau. Ein mehrfaches Chapeau! Weiter so! Wir wertsch\u00e4tzen dies sehr und kommen gerne wieder &#8222;. Sven und Anja S. aus Bochum 18.12.19<\/p>\n<p>&#8222;&#8230;..Danke f\u00fcr die netten Worte und ich kann nur sagen, wir haben den Aufenthalt wieder genossen. Die Tage bei Ihnen waren sehr sch\u00f6n und die Atmosph\u00e4re ist sehr, sehr angenehm. Es stimmt einfach alles.&#8220; Frank und Astrid K., aus D\u00fcsseldorf 18.11.2019<\/p>\n<p>&#8222;&#8230;..Vielen Dank! Es war sehr sch\u00f6n bei Ihnen! Bis bald mal wieder!&#8220;Daniel Sp. aus Mannheim 18.11.19<\/p>\n<p>&#8220; &#8230; f\u00fcr die sch\u00f6nen Tage bei Ihnen und die wunderbare Bewirtung m\u00f6chte ich mich ganz herzlich bedanken. Sie haben ein wirklich au\u00dferordentliches, geschmackvolles Refugium mit einer wundersch\u00f6nen Atmosph\u00e4re geschaffen. Ich gratuliere &#8230;&#8220; L.G. aus Dillingen, 19.08.2018<\/p>\n<p>&#8222;&#8230; wir gratulieren Ihnen herzlich zum Erfolg der gestrigen Veranstaltung und bedanken uns f\u00fcr einen so sch\u00f6nen Abend mit tollen Weinen zu einem ebenso tollen Men\u00fc, vor allem aber f\u00fcr Ihre Gastfreundschaft sowie die Aufmerksamkeit und Geduld, die Sie unseren vielen Fragen rund um den Wein widmeten. Wir haben den Abend genossen, uns ungemein wohlgef\u00fchlt und freuen uns schon heute auf die n\u00e4chste Veranstaltung.&#8220; Ehel. Sch mit Freunden aus der S\u00fcdpfalz, 13.08.2018<\/p>\n<p>&#8220; &#8230; noch einmal ganz lieben Dank f\u00fcr das \u201ehei\u00dfe\u201c Wochenende bei Julius. Und besonders an unseren Chefkoch, der uns sehr viel Neues zum Thema Essen und Genie\u00dfen vermittelt hat. Trotz Hitze hatten wir einen sch\u00f6nen Kochtag mit Genuss in Ihrem herrlichen mediterranen Innenhof.&#8220; G. aus Bad Camberg, 7.8.2018<\/p>\n<p>&#8220; &#8230; Als Premiere war es gut, dass wir ein paar Tage zum Kennenlernen hatten. Was gefiel und gef\u00e4llt ist die Harmonie zwischen Ambiente, pers\u00f6nlichem Stil und dem wohltuenden Eindruck, dass ein wirkliches Interesse an den G\u00e4sten, ihren Ideen und Meinungen besteht. Wir danken f\u00fcr Ihre Gastfreundschaft und w\u00fcnschen Ihnen viele anregende und unterhaltsame G\u00e4ste &#8230;&#8220;\u00a0 Eheleute U. aus Wehrheim, 30.7.2018<\/p>\n<p>&#8222;&#8230; Ganz besonders HERZLICH DANKE sagen wir f\u00fcr unvergessliche Ostern bei Ihnen. Klingeln Ihnen nicht t\u00e4glich die Ohren? Wir schw\u00e4rmen von Ihrem Haus , dem Kochkurs, dem tollen Essen, dem lustigen Eiersuchen, dem leckeren Wein und von allem anderen auch ..&#8220; Eheleute B aus M\u00fclheim a.d. Ruhr, 4.5.2018<\/p>\n<p>&#8222;&#8230; es war sehr sch\u00f6n bei Ihnen und es war ein runder Abend. Sehr sehr gutes Essen mit genial passenden Weinen &#8230;.&#8220; U.Sch. aus Weil, 12.11.2017<\/p>\n<p>&#8220; &#8230; nochmals herzlich bedanken f\u00fcr die absolut top gelungene Geburtstagsfeier in ihrem Haus &#8230; Ambiente, Freundlichkeit, Service und Men\u00fc war alles spitze &#8230;.&#8220; H.R., Landau, 8.11.2017<\/p>\n<p>&#8220; &#8230; Es war ein sch\u00f6nes Umfeld, eine gute Unterbringung und eine besondere Betreuung durch Sie &#8230;&#8220; L.B. aus Essen, 20.09.2017<\/p>\n<p>&#8222;&#8230;. ich m\u00f6chte mich gerne nochmal f\u00fcr das wieder sehr sch\u00f6ne Wochenende bedanken. Wir haben uns wieder sehr wohlgef\u00fchlt und uns an dem Men\u00fc und den guten Gespr\u00e4chen erfreut. Wir werden wiederkommen; alleine schon getrieben aus der Neugier heraus, wie sich Ihr Schmuckst\u00fcck weiter entwickelt &#8230;.&#8220; O.M aus Seligenstadt, 16.09.2017<\/p>\n<p>&#8222;&#8230; gestern Abend wieder gut in Hamburg gelandet und vermissen das sch\u00f6ne \u201eJulius in der Pfalz\u201c bereits jetzt ein wenig \u2013 und damit ist nicht nur das gro\u00dfartige Fr\u00fchst\u00fcck gemeint! Wir haben die Tage bei Ihnen sehr genossen und haben wunderbar entspannt, vielen Dank f\u00fcr diese sch\u00f6ne Zeit\u00a0 &#8230;.&#8220; C.S. aus Hamburg, 3.09.2017<\/p>\n<p>&#8220; vielen herzlichen Dank f\u00fcr den Kochkurs vom letzten Wochenende \u2026<br \/>\nMein Vater und ich hatten dank Ihnen ein paar sehr sch\u00f6ne Stunden und wir konnten viele spannende Tipps und Anregungen mit nach Haus nehmen. Es war nicht unser erster Kurs, aber sicher einer der besten! Daf\u00fcr ein gro\u00dfes Lob an sie und ein &#8222;danke&#8220;\u2026 S.R. aus Wertheim 7.9.2017<\/p>\n<p>&#8220; &#8230; Der Alltag hat uns wieder, jedoch zehren wir immer noch von der sch\u00f6nen Zeit im Pf\u00e4lzerwald \u2013 speziell in Ihrem geschmackvollen und gastlichen Hause. Nochmals vielen herzlichen Dank f\u00fcr die herzliche Aufnahme und Bewirtung.&#8220; H.W., aus M\u00fcnchen, 22.08.2017<\/p>\n<p>&#8220; &#8230; nochmals ganz herzlich f\u00fcr den tollen Kochkurs am 4. M\u00e4rz bedanken! Es war sehr sehr lecker und wir haben viel gelernt! Au\u00dferdem war die Runde sehr aufgeschlossen und wir haben uns prima unterhalten.&#8220; V.P aus der Schweiz, 14.03.2017<\/p>\n<p>&#8222;Danke f\u00fcr einen unvergesslichen Abend bei phantastischem Essen, wunderbaren Weinen und liebenswerter Gastfreundschaft. Von dem Fr\u00fchst\u00fcckstablett schw\u00e4rmen wir noch immer und das Zimmer war einfach sch\u00f6n. Danke f\u00fcr alles! Wir kommen wieder!&#8220; W. u K. aus Darmstadt, 29.08.2016<\/p>\n","protected":false},"excerpt":{"rendered":"<p>\u201eDas Art-Hotel Julius aus der Pfalz ist ein echter Geheimtipp, klein und fein! Die individuelle Begr\u00fc\u00dfung im bezaubernden Innenhof half uns sofort zu entschleunigen.\u00a0Auch den Kr\u00e4utergarten haben wir immer wieder zum Verweilen aufgesucht. Legend\u00e4r ist das Fr\u00fchst\u00fcck. Nicht am B\u00fcfett &hellip; <a href=\"https:\/\/www.julius-pfalz.de\/?page_id=4289\">Weiterlesen <span class=\"meta-nav\">&rarr;<\/span><\/a><\/p>\n","protected":false},"author":1,"featured_media":0,"parent":0,"menu_order":0,"comment_status":"closed","ping_status":"closed","template":"","meta":[],"_links":{"self":[{"href":"https:\/\/www.julius-pfalz.de\/index.php?rest_route=\/wp\/v2\/pages\/4289"}],"collection":[{"href":"https:\/\/www.julius-pfalz.de\/index.php?rest_route=\/wp\/v2\/pages"}],"about":[{"href":"https:\/\/www.julius-pfalz.de\/index.php?rest_route=\/wp\/v2\/types\/page"}],"author":[{"embeddable":true,"href":"https:\/\/www.julius-pfalz.de\/index.php?rest_route=\/wp\/v2\/users\/1"}],"replies":[{"embeddable":true,"href":"https:\/\/www.julius-pfalz.de\/index.php?rest_route=%2Fwp%2Fv2%2Fcomments&post=4289"}],"version-history":[{"count":13,"href":"https:\/\/www.julius-pfalz.de\/index.php?rest_route=\/wp\/v2\/pages\/4289\/revisions"}],"predecessor-version":[{"id":8388,"href":"https:\/\/www.julius-pfalz.de\/index.php?rest_route=\/wp\/v2\/pages\/4289\/revisions\/8388"}],"wp:attachment":[{"href":"https:\/\/www.julius-pfalz.de\/index.php?rest_route=%2Fwp%2Fv2%2Fmedia&parent=4289"}],"curies":[{"name":"wp","href":"https:\/\/api.w.org\/{rel}","templated":true}]}}

Bewertung durch Gäste

<p>„Das Art-Hotel Julius aus der Pfalz ist ein echter Geheimtipp, klein und fein!<br />
Die individuelle Begrüßung im bezaubernden Innenhof half uns sofort zu entschleunigen. Auch den Kräutergarten haben wir immer wieder zum Verweilen aufgesucht.<br />
Legendär ist das Frühstück. Nicht am Büfett anstehen, sondern individuell werden kleine Köstlichkeiten für jedes Paar bzw. Einzelperson auf einer Etagere angerichtet am Platz serviert. Und warme Speisen noch während des Frühstücks dazu gereicht.“ H.+ Ch. R. aus Jena, 20.10.2022</p>
<p>&#8222;&#8230; wir haben die Zeit, das Essen, die Weine und ihre herzliche Gastfreundschaft sehr genossen. Wir hatten wunderschöne Tage, eine tollen Wanderung, eine sehr unterhaltsamen Weinprobe und ein herausragendes Weinmenü. Dafür vielen Dank !&#8220; M.D. aus Ulm, 15.06.2020</p>
<p>&#8222;Wir wissen es sehr zu schätzen, dass Menschen wie Sie, solch schöne Oasen errichten, damit wir uns darin wohl fühlen und wieder Kraft &amp; Energie tanken können und Abstand vom Alltag haben! Wir kommen ganz sicher wieder…&#8220; T.G. aus Benningen, 9.6.2020</p>
<p>&#8222;&#8230; uns hat es sehr gut bei Ihnen gefallen, vor allem Ihre unaufgeregte Freundlichkeit und Aufmerksamkeit.&#8220; G. &amp; S. aus Fürth, 6.6.2020</p>
<p>&#8220; &#8230; angefüllt mit Glückshormonen sind wir gut und schnell zu Hause angekommen. Wir haben die Tage in so netter, harmonischer Gesellschaft in Ihrem Haus sehr genossen und  danken Ihnen herzlich für die Wohlfühlatmospäre, daß umsorgt werden und die Aufmerksamkeit die Sie Ihren Gästen widmen.&#8220; U. aus Wertheim 1.1.2020</p>
<p>&#8222;&#8230;&#8230;zum wiederholten Male konnten wir als Gäste den wunderschön umgebauten Winzerhof einige Tage genießen! Anfang November 2019 waren wir beim Weinmenü mit begleitenden Weinen von „ Van Volxem“ zugegen. Ganz besonders begeisterte uns<br />
die hervorragende Zusammenstellung der Speisenabfolge auf qualitativ hohem Niveau. Ein mehrfaches Chapeau! Weiter so! Wir wertschätzen dies sehr und kommen gerne wieder &#8222;. Sven und Anja S. aus Bochum 18.12.19</p>
<p>&#8222;&#8230;..Danke für die netten Worte und ich kann nur sagen, wir haben den Aufenthalt wieder genossen. Die Tage bei Ihnen waren sehr schön und die Atmosphäre ist sehr, sehr angenehm. Es stimmt einfach alles.&#8220; Frank und Astrid K., aus Düsseldorf 18.11.2019</p>
<p>&#8222;&#8230;..Vielen Dank! Es war sehr schön bei Ihnen! Bis bald mal wieder!&#8220;Daniel Sp. aus Mannheim 18.11.19</p>
<p>&#8220; &#8230; für die schönen Tage bei Ihnen und die wunderbare Bewirtung möchte ich mich ganz herzlich bedanken. Sie haben ein wirklich außerordentliches, geschmackvolles Refugium mit einer wunderschönen Atmosphäre geschaffen. Ich gratuliere &#8230;&#8220; L.G. aus Dillingen, 19.08.2018</p>
<p>&#8222;&#8230; wir gratulieren Ihnen herzlich zum Erfolg der gestrigen Veranstaltung und bedanken uns für einen so schönen Abend mit tollen Weinen zu einem ebenso tollen Menü, vor allem aber für Ihre Gastfreundschaft sowie die Aufmerksamkeit und Geduld, die Sie unseren vielen Fragen rund um den Wein widmeten. Wir haben den Abend genossen, uns ungemein wohlgefühlt und freuen uns schon heute auf die nächste Veranstaltung.&#8220; Ehel. Sch mit Freunden aus der Südpfalz, 13.08.2018</p>
<p>&#8220; &#8230; noch einmal ganz lieben Dank für das „heiße“ Wochenende bei Julius. Und besonders an unseren Chefkoch, der uns sehr viel Neues zum Thema Essen und Genießen vermittelt hat. Trotz Hitze hatten wir einen schönen Kochtag mit Genuss in Ihrem herrlichen mediterranen Innenhof.&#8220; G. aus Bad Camberg, 7.8.2018</p>
<p>&#8220; &#8230; Als Premiere war es gut, dass wir ein paar Tage zum Kennenlernen hatten. Was gefiel und gefällt ist die Harmonie zwischen Ambiente, persönlichem Stil und dem wohltuenden Eindruck, dass ein wirkliches Interesse an den Gästen, ihren Ideen und Meinungen besteht. Wir danken für Ihre Gastfreundschaft und wünschen Ihnen viele anregende und unterhaltsame Gäste &#8230;&#8220;  Eheleute U. aus Wehrheim, 30.7.2018</p>
<p>&#8222;&#8230; Ganz besonders HERZLICH DANKE sagen wir für unvergessliche Ostern bei Ihnen. Klingeln Ihnen nicht täglich die Ohren? Wir schwärmen von Ihrem Haus , dem Kochkurs, dem tollen Essen, dem lustigen Eiersuchen, dem leckeren Wein und von allem anderen auch ..&#8220; Eheleute B aus Mülheim a.d. Ruhr, 4.5.2018</p>
<p>&#8222;&#8230; es war sehr schön bei Ihnen und es war ein runder Abend. Sehr sehr gutes Essen mit genial passenden Weinen &#8230;.&#8220; U.Sch. aus Weil, 12.11.2017</p>
<p>&#8220; &#8230; nochmals herzlich bedanken für die absolut top gelungene Geburtstagsfeier in ihrem Haus &#8230; Ambiente, Freundlichkeit, Service und Menü war alles spitze &#8230;.&#8220; H.R., Landau, 8.11.2017</p>
<p>&#8220; &#8230; Es war ein schönes Umfeld, eine gute Unterbringung und eine besondere Betreuung durch Sie &#8230;&#8220; L.B. aus Essen, 20.09.2017</p>
<p>&#8222;&#8230;. ich möchte mich gerne nochmal für das wieder sehr schöne Wochenende bedanken. Wir haben uns wieder sehr wohlgefühlt und uns an dem Menü und den guten Gesprächen erfreut. Wir werden wiederkommen; alleine schon getrieben aus der Neugier heraus, wie sich Ihr Schmuckstück weiter entwickelt &#8230;.&#8220; O.M aus Seligenstadt, 16.09.2017</p>
<p>&#8222;&#8230; gestern Abend wieder gut in Hamburg gelandet und vermissen das schöne „Julius in der Pfalz“ bereits jetzt ein wenig – und damit ist nicht nur das großartige Frühstück gemeint! Wir haben die Tage bei Ihnen sehr genossen und haben wunderbar entspannt, vielen Dank für diese schöne Zeit  &#8230;.&#8220; C.S. aus Hamburg, 3.09.2017</p>
<p>&#8220; vielen herzlichen Dank für den Kochkurs vom letzten Wochenende …<br />
Mein Vater und ich hatten dank Ihnen ein paar sehr schöne Stunden und wir konnten viele spannende Tipps und Anregungen mit nach Haus nehmen. Es war nicht unser erster Kurs, aber sicher einer der besten! Dafür ein großes Lob an sie und ein &#8222;danke&#8220;… S.R. aus Wertheim 7.9.2017</p>
<p>&#8220; &#8230; Der Alltag hat uns wieder, jedoch zehren wir immer noch von der schönen Zeit im Pfälzerwald – speziell in Ihrem geschmackvollen und gastlichen Hause. Nochmals vielen herzlichen Dank für die herzliche Aufnahme und Bewirtung.&#8220; H.W., aus München, 22.08.2017</p>
<p>&#8220; &#8230; nochmals ganz herzlich für den tollen Kochkurs am 4. März bedanken! Es war sehr sehr lecker und wir haben viel gelernt! Außerdem war die Runde sehr aufgeschlossen und wir haben uns prima unterhalten.&#8220; V.P aus der Schweiz, 14.03.2017</p>
<p>&#8222;Danke für einen unvergesslichen Abend bei phantastischem Essen, wunderbaren Weinen und liebenswerter Gastfreundschaft. Von dem Frühstückstablett schwärmen wir noch immer und das Zimmer war einfach schön. Danke für alles! Wir kommen wieder!&#8220; W. u K. aus Darmstadt, 29.08.2016</p>

<p>„Das Art-Hotel Julius aus der Pfalz ist ein echter Geheimtipp, klein und fein! Die individuelle Begrüßung im bezaubernden Innenhof half uns sofort zu entschleunigen. Auch den Kräutergarten haben wir immer wieder zum Verweilen aufgesucht. Legendär ist das Frühstück. Nicht am Büfett &hellip; <a href="https://www.julius-pfalz.de/?page_id=4289">Weiterlesen <span class="meta-nav">&rarr;</span></a></p>
