{"id":3719,"date":"2015-11-09T11:30:38","date_gmt":"2015-11-09T09:30:38","guid":{"rendered":"http:\/\/www.julius-pfalz.de\/wp\/?page_id=3719"},"modified":"2025-09-25T16:30:06","modified_gmt":"2025-09-25T14:30:06","slug":"arrangement-himmelfahrt-2015","status":"publish","type":"page","link":"https:\/\/www.julius-pfalz.de\/?page_id=3719","title":{"rendered":"Arrangement Himmelfahrt 2026"},"content":{"rendered":"<h2><b><i>Donnerstag den 14. bis Sonntag, den 17. Mai 2026<\/i><\/b><\/h2>\n<ul>\n<li><i>Donnerstag, 14.05.:<\/i><i> <em>Begr\u00fc\u00dfung mit einem Glas Wein;<\/em><\/i><\/li>\n<li><i><a href=\"https:\/\/www.julius-pfalz.de\/wp-content\/uploads\/2019\/01\/Sparge-EstragonnP.png\"><img decoding=\"async\" loading=\"lazy\" class=\"alignright wp-image-6025\" src=\"https:\/\/www.julius-pfalz.de\/wp-content\/uploads\/2019\/01\/Sparge-EstragonnP-300x164.png\" alt=\"\" width=\"250\" height=\"137\" srcset=\"https:\/\/www.julius-pfalz.de\/wp-content\/uploads\/2019\/01\/Sparge-EstragonnP-300x164.png 300w, https:\/\/www.julius-pfalz.de\/wp-content\/uploads\/2019\/01\/Sparge-EstragonnP-500x274.png 500w, https:\/\/www.julius-pfalz.de\/wp-content\/uploads\/2019\/01\/Sparge-EstragonnP.png 709w\" sizes=\"(max-width: 250px) 100vw, 250px\" \/><\/a><\/i><i><em>Freitag, 15.5., um 11h Weinprobe Wei\u00dfburgunder, seine Unterschiede im Vergleich (Jahrgang, Lage, Kellerwirtschaft, Reife);<\/em><\/i><\/li>\n<li><i><em>Samstag, 16.05., ab 19h: kleines, feines Wein-Men\u00fc<\/em><\/i><\/li>\n<li><em>Sonntag, 17.5.:<\/em><em> Verabschiedung\/Abreise.<\/em><\/li>\n<\/ul>\n<p><strong>Arrangement: 3 N\u00e4chte im Doppelzimmer-Appartement incl. Gourmet-Fr\u00fchst\u00fcck, Programm incl. Wein-Men\u00fc; <\/strong><b><strong>Preis:\u00a0 480 <\/strong><\/b><b><strong>\u20ac\u00a0 Person (im Doppelzimmer\/ Appartement)<br \/>\n<\/strong><\/b><\/p>\n<hr \/>\n<p><strong>ZUR ORIENTIERUNG: Das Men\u00fc zum Arrangement<br \/>\n<\/strong><strong>Mai 2025 Weinmen\u00fc: Hochzeit des Fr\u00fchlings<\/strong><\/p>\n<ul>\n<li><u>Gru\u00df aus der K\u00fcche<br \/>\n<\/u><strong>Spinat-B\u00e4rlauch-Handk\u00e4se-Kn\u00f6del<\/strong><\/li>\n<li><u>Spargel<br \/>\n<\/u><strong>angebratener wei\u00dfer Spargel | Espresso | Mascarpone | ger\u00f6stete Kerne | Gartenkr\u00e4uter &amp; Bl\u00fcten<\/strong><\/li>\n<li><u>Ceviche<br \/>\n<\/u><strong>Tatar von mariniertem K\u00f6nig-Matjes | Tigermilch | Gurke &amp; Fenchel &amp; rote Zwiebel | Ingwer&amp; Dill &amp; Gin<\/strong><\/li>\n<li><u>Jagd<br \/>\n<\/u><strong>Hasenfilet &amp; frische S\u00fc\u00dfkirsche | Wildschweinr\u00fccken aus der Jagd von Hans &amp; Valentin Rebholz | Kartoffel-Musseline | rote Bete | Wildsauce<\/strong><\/li>\n<li><u>Malaga<br \/>\n<\/u><strong>Erdbeeren &amp; Rhabarber | Malaga-Creme-Eis | Malaga-Reduktion | Rosen-Harissa<\/strong><\/p>\n<hr \/>\n<\/li>\n<\/ul>\n<p><span style=\"color: #993300;\"><em><a href=\"https:\/\/www.julius-pfalz.de\/?page_id=4451\">ZUR\u00dcCK zur \u00dcbersicht Arrange<\/a><\/em><\/span><span style=\"color: #993300;\"><em><a href=\"https:\/\/www.julius-pfalz.de\/?page_id=4451\">ments<\/a><\/em><\/span><\/p>\n","protected":false},"excerpt":{"rendered":"<p>Donnerstag den 14. bis Sonntag, den 17. Mai 2026 Donnerstag, 14.05.: Begr\u00fc\u00dfung mit einem Glas Wein; Freitag, 15.5., um 11h Weinprobe Wei\u00dfburgunder, seine Unterschiede im Vergleich (Jahrgang, Lage, Kellerwirtschaft, Reife); Samstag, 16.05., ab 19h: kleines, feines Wein-Men\u00fc Sonntag, 17.5.: Verabschiedung\/Abreise. &hellip; <a href=\"https:\/\/www.julius-pfalz.de\/?page_id=3719\">Weiterlesen <span class=\"meta-nav\">&rarr;<\/span><\/a><\/p>\n","protected":false},"author":1,"featured_media":0,"parent":0,"menu_order":0,"comment_status":"closed","ping_status":"closed","template":"","meta":[],"_links":{"self":[{"href":"https:\/\/www.julius-pfalz.de\/index.php?rest_route=\/wp\/v2\/pages\/3719"}],"collection":[{"href":"https:\/\/www.julius-pfalz.de\/index.php?rest_route=\/wp\/v2\/pages"}],"about":[{"href":"https:\/\/www.julius-pfalz.de\/index.php?rest_route=\/wp\/v2\/types\/page"}],"author":[{"embeddable":true,"href":"https:\/\/www.julius-pfalz.de\/index.php?rest_route=\/wp\/v2\/users\/1"}],"replies":[{"embeddable":true,"href":"https:\/\/www.julius-pfalz.de\/index.php?rest_route=%2Fwp%2Fv2%2Fcomments&post=3719"}],"version-history":[{"count":50,"href":"https:\/\/www.julius-pfalz.de\/index.php?rest_route=\/wp\/v2\/pages\/3719\/revisions"}],"predecessor-version":[{"id":9481,"href":"https:\/\/www.julius-pfalz.de\/index.php?rest_route=\/wp\/v2\/pages\/3719\/revisions\/9481"}],"wp:attachment":[{"href":"https:\/\/www.julius-pfalz.de\/index.php?rest_route=%2Fwp%2Fv2%2Fmedia&parent=3719"}],"curies":[{"name":"wp","href":"https:\/\/api.w.org\/{rel}","templated":true}]}}