{"id":3564,"date":"2015-08-25T10:01:17","date_gmt":"2015-08-25T08:01:17","guid":{"rendered":"http:\/\/www.julius-pfalz.de\/wp\/?page_id=3564"},"modified":"2024-07-19T19:03:47","modified_gmt":"2024-07-19T17:03:47","slug":"bei-uns-exclusiv-verfuegbar-2003er-riesling-spaetlese-trocken","status":"publish","type":"page","link":"https:\/\/www.julius-pfalz.de\/?page_id=3564","title":{"rendered":"Wein"},"content":{"rendered":"<div>\n<div><strong><span style=\"color: #993300;\">Unsere Weinselektion der Pfalz<\/span><\/strong><\/div>\n<\/div>\n<p>Wir probieren viel, oft und gr\u00fcndlich. Bewertungen von Weinf\u00fchrern interessieren uns nur am Rande. Wir bilden uns eine eigene Meinung. Schlie\u00dflich sind wir Weinh\u00e4ndler seit \u00fcber 30 Jahren. Die Ergebnisse f\u00fchren wir als besondere Auswahl der Pfalz.: Es sind herausragend gute Weine, auch echte Entdeckungen, z.T. von noch nicht so bekannten, auch jungen Winzern.<\/p>\n<p><span style=\"color: #993300;\"><strong>Unser \u00fcbriges Weinsortiment unserer Vinothek <\/strong><\/span><br \/>\nUnd weil wir noch zum wein kochen, haben wir besondere Anspr\u00fcche. Und so ist unser Sortiment in unserer Vinothek gewachsen. So haben wir Wein aus Baden (meist sog. Landweine) und aus dem Elsass (Eigenimport)<\/p>\n<p><span style=\"color: #993300;\"><strong>Weinselektion &#8222;Julius in der Pfalz&#8220;<img decoding=\"async\" loading=\"lazy\" class=\"alignright size-medium wp-image-2261\" src=\"https:\/\/www.julius-pfalz.de\/wp-content\/uploads\/2013\/11\/wein-u-Saumagen600-206x300.jpg\" alt=\"wein u Saumagen600\" width=\"206\" height=\"300\" srcset=\"https:\/\/www.julius-pfalz.de\/wp-content\/uploads\/2013\/11\/wein-u-Saumagen600-206x300.jpg 206w, https:\/\/www.julius-pfalz.de\/wp-content\/uploads\/2013\/11\/wein-u-Saumagen600.jpg 600w\" sizes=\"(max-width: 206px) 100vw, 206px\" \/><br \/>\n<\/strong><\/span>Wir probieren viel, vor allem in unserer neuen Wahlheimat, der S\u00fcdpfalz. So probieren wir auch am Fass, in verschiedensten Kellern. Wenn uns etwas besonders gef\u00e4llt, stellen wir mit den jeweiligen Winzern eigene Cuv\u00e9es zusammen und lassen sie exklusiv f\u00fcllen (Gutsabf\u00fcllungen).<\/p>\n<p><span style=\"color: #993300;\"><strong>Was noch f\u00fcr uns wichtig ist zum Thema Wein:<\/strong><\/span><\/p>\n<ul>\n<li><a href=\"https:\/\/www.julius-pfalz.de\/?p=8949\"><strong>Wir kochen zum Wein (Weinemn\u00fcs),<\/strong><\/a><\/li>\n<li><a href=\"https:\/\/www.julius-pfalz.de\/?page_id=8884\"><strong>wir probieren im kleinen Kreis besondere Wein (Weinkreis)<\/strong><\/a><\/li>\n<\/ul>\n<hr \/>\n","protected":false},"excerpt":{"rendered":"<p>Unsere Weinselektion der Pfalz Wir probieren viel, oft und gr\u00fcndlich. Bewertungen von Weinf\u00fchrern interessieren uns nur am Rande. Wir bilden uns eine eigene Meinung. Schlie\u00dflich sind wir Weinh\u00e4ndler seit \u00fcber 30 Jahren. Die Ergebnisse f\u00fchren wir als besondere Auswahl der &hellip; <a href=\"https:\/\/www.julius-pfalz.de\/?page_id=3564\">Weiterlesen <span class=\"meta-nav\">&rarr;<\/span><\/a><\/p>\n","protected":false},"author":1,"featured_media":0,"parent":0,"menu_order":0,"comment_status":"closed","ping_status":"closed","template":"","meta":[],"_links":{"self":[{"href":"https:\/\/www.julius-pfalz.de\/index.php?rest_route=\/wp\/v2\/pages\/3564"}],"collection":[{"href":"https:\/\/www.julius-pfalz.de\/index.php?rest_route=\/wp\/v2\/pages"}],"about":[{"href":"https:\/\/www.julius-pfalz.de\/index.php?rest_route=\/wp\/v2\/types\/page"}],"author":[{"embeddable":true,"href":"https:\/\/www.julius-pfalz.de\/index.php?rest_route=\/wp\/v2\/users\/1"}],"replies":[{"embeddable":true,"href":"https:\/\/www.julius-pfalz.de\/index.php?rest_route=%2Fwp%2Fv2%2Fcomments&post=3564"}],"version-history":[{"count":26,"href":"https:\/\/www.julius-pfalz.de\/index.php?rest_route=\/wp\/v2\/pages\/3564\/revisions"}],"predecessor-version":[{"id":9055,"href":"https:\/\/www.julius-pfalz.de\/index.php?rest_route=\/wp\/v2\/pages\/3564\/revisions\/9055"}],"wp:attachment":[{"href":"https:\/\/www.julius-pfalz.de\/index.php?rest_route=%2Fwp%2Fv2%2Fmedia&parent=3564"}],"curies":[{"name":"wp","href":"https:\/\/api.w.org\/{rel}","templated":true}]}}