{"id":266,"date":"2012-07-27T20:43:43","date_gmt":"2012-07-27T18:43:43","guid":{"rendered":"http:\/\/blog.julius-pfalz.de\/?page_id=266"},"modified":"2017-01-22T19:19:46","modified_gmt":"2017-01-22T17:19:46","slug":"bauen-und-umbauen","status":"publish","type":"page","link":"https:\/\/www.julius-pfalz.de\/?page_id=266","title":{"rendered":"Bauen und Umbauen"},"content":{"rendered":"<p>Das Anwesen ist alt. Auf dem Torbogen zum Keller findet sich die Jahreszahl 1710. \u00dcber der T\u00fcr des Haupthauses die Jahreszahl 1736. <a href=\"https:\/\/julius-pfalz.de\/wp-content\/uploads\/2012\/07\/Bogen-1710-400.jpg\"><img decoding=\"async\" loading=\"lazy\" class=\"alignright wp-image-267\" title=\"Bogen 1710-400\" src=\"https:\/\/julius-pfalz.de\/wp-content\/uploads\/2012\/07\/Bogen-1710-400.jpg\" alt=\"\" width=\"270\" height=\"180\" \/><\/a>Es wurde viel gebaut und umgebaut. Der Gew\u00f6lbekeller wurde 1824 verputzt. Um den Hof herum entstanden mehrere Scheunen, eine Stallung, ein Gesindehaus. Das Gesamtobjekt bestand einmal aus 6 Geb\u00e4uden. Sie sind in U-Form angelegt, die W\u00e4nde bestehen im Erdgescho\u00df aus massivem gelben und roten Buntsandstein.<\/p>\n<p>&nbsp;<\/p>\n<div id=\"attachment_273\" style=\"width: 224px\" class=\"wp-caption alignright\"><a href=\"https:\/\/julius-pfalz.de\/wp-content\/uploads\/2012\/07\/bumb-oben-alt-aussch2.jpg\"><img aria-describedby=\"caption-attachment-273\" decoding=\"async\" loading=\"lazy\" class=\"size-full wp-image-273 \" title=\"bumb-oben-alt-aussch\" src=\"https:\/\/julius-pfalz.de\/wp-content\/uploads\/2012\/07\/bumb-oben-alt-aussch2.jpg\" alt=\"\" width=\"214\" height=\"141\" \/><\/a><p id=\"caption-attachment-273\" class=\"wp-caption-text\">Luftaufnahme aus den 70er Jahren<\/p><\/div>\n<p>In den 80er Jahren erfolgten den 80er Jahren erfolgteI parallel zur Ausdehnung der Weinproduktion eine Erweiterung der querstehenden Scheune nach hinten (Flaschenlager); Proportionen wurden gesprengt (wird heute wieder zur\u00fcckgebaut).<\/p>\n<p>Die letzten 10 Jahre stand das Anwesen (bis auf das vermietete Gesindehaus) leer.<\/p>\n<p>Mitte 2011 entdeckten Ulrike und Hartmut Julius das Anwesen. Die Planungen begannen und das ehemals gro\u00dfz\u00fcgige Weingut wurde aus seinem Dornr\u00f6schenschlaf gek\u00fcsst.<\/p>\n<p>Mit dem Umbau startete man im Fr\u00fchjahr 2012. Ende September 2012 wurden 4 Appartements im\u00a0 Haupthaus (Winzerhaus) fertiggestellt, die Er\u00f6ffung fand am 3. Oktober statt (Foto).<a href=\"https:\/\/julius-pfalz.de\/wp-content\/uploads\/2012\/07\/hof-er\u00f6ffnung3.jpg\"><img decoding=\"async\" loading=\"lazy\" class=\"alignright size-thumbnail wp-image-535\" title=\"hof-er\u00f6ffnung\" src=\"https:\/\/julius-pfalz.de\/wp-content\/uploads\/2012\/07\/hof-er\u00f6ffnung3-150x150.jpg\" alt=\"\" width=\"150\" height=\"150\" \/><\/a><\/p>\n<div id=\"attachment_530\" style=\"width: 310px\" class=\"wp-caption alignright\"><a href=\"https:\/\/julius-pfalz.de\/wp-content\/uploads\/2012\/07\/hof-er\u00f6ffnung.jpg\"><img aria-describedby=\"caption-attachment-530\" decoding=\"async\" loading=\"lazy\" class=\"size-medium wp-image-530\" src=\"https:\/\/julius-pfalz.de\/wp-content\/uploads\/2012\/07\/hof-er\u00f6ffnung-300x195.jpg\" alt=\"Er\u00f6ffung 3. Oktober. Links das fertig sanierte Haupthaus mit den 4 Appartements\" width=\"300\" height=\"195\" srcset=\"https:\/\/www.julius-pfalz.de\/wp-content\/uploads\/2012\/07\/hof-er\u00f6ffnung-300x195.jpg 300w, https:\/\/www.julius-pfalz.de\/wp-content\/uploads\/2012\/07\/hof-er\u00f6ffnung-461x300.jpg 461w, https:\/\/www.julius-pfalz.de\/wp-content\/uploads\/2012\/07\/hof-er\u00f6ffnung.jpg 500w\" sizes=\"(max-width: 300px) 100vw, 300px\" \/><\/a><p id=\"caption-attachment-530\" class=\"wp-caption-text\">Er\u00f6ffung 3. Oktober. Links das fertig sanierte Haupthaus mit den 4 Appartements<\/p><\/div>\n<p>Der Rohbau des ehemaligen Gesindehauses war zu diesem Zeitpunkt fertiggestellt. Nun erfolgte der Au\u00dfenputz mit Anstrich und der Innenausbau des Erdgeschosses mit dem Ladengesch\u00e4ft. Dieses wurde Mitte November er\u00f6ffnet.<\/p>\n<div>Parallel wurde an der Sanierung des Kellers gearbeitet. Sie fand ihren Abschlu\u00df in der Er\u00f6ffnung der Sauna.<\/div>\n<p><a href=\"https:\/\/julius-pfalz.de\/wp-content\/uploads\/2012\/07\/zimmermann.jpg\"><img decoding=\"async\" loading=\"lazy\" class=\"alignleft size-medium wp-image-831\" title=\"zimmermann\" src=\"https:\/\/julius-pfalz.de\/wp-content\/uploads\/2012\/07\/zimmermann-200x300.jpg\" alt=\"\" width=\"200\" height=\"300\" srcset=\"https:\/\/www.julius-pfalz.de\/wp-content\/uploads\/2012\/07\/zimmermann-200x300.jpg 200w, https:\/\/www.julius-pfalz.de\/wp-content\/uploads\/2012\/07\/zimmermann.jpg 320w\" sizes=\"(max-width: 200px) 100vw, 200px\" \/><\/a><\/p>\n<p>Ab November 2012 wurde am dritten Geb\u00e4ude des Anwesens gearbeitet. Hier entstand im Erdgescho\u00df die Koch-Werkstatt, die am 31.12.2012 er\u00f6ffnet wurde. Im Januar und Februar 2013 erfolgte der Dachausbau mit Innenausbau \u00fcber Laden und Kochwerkstatt. Hier entstand ein f\u00fcnftes Appartement (Fertigstellung Ende M\u00e4rz 2013).<\/p>\n<p>Nach diesen umfangreichen Umbauten hatten wir uns zun\u00e4chst eine Baupause verordnet.<\/p>\n<p><a title=\"Anwesen\" href=\"https:\/\/julius-pfalz.de\/?page_id=65\">zur\u00fcck<\/a><\/p>\n<p>&nbsp;<\/p>\n","protected":false},"excerpt":{"rendered":"<p>Das Anwesen ist alt. Auf dem Torbogen zum Keller findet sich die Jahreszahl 1710. \u00dcber der T\u00fcr des Haupthauses die Jahreszahl 1736. Es wurde viel gebaut und umgebaut. Der Gew\u00f6lbekeller wurde 1824 verputzt. Um den Hof herum entstanden mehrere Scheunen, &hellip; <a href=\"https:\/\/www.julius-pfalz.de\/?page_id=266\">Weiterlesen <span class=\"meta-nav\">&rarr;<\/span><\/a><\/p>\n","protected":false},"author":1,"featured_media":0,"parent":0,"menu_order":0,"comment_status":"closed","ping_status":"closed","template":"","meta":[],"_links":{"self":[{"href":"https:\/\/www.julius-pfalz.de\/index.php?rest_route=\/wp\/v2\/pages\/266"}],"collection":[{"href":"https:\/\/www.julius-pfalz.de\/index.php?rest_route=\/wp\/v2\/pages"}],"about":[{"href":"https:\/\/www.julius-pfalz.de\/index.php?rest_route=\/wp\/v2\/types\/page"}],"author":[{"embeddable":true,"href":"https:\/\/www.julius-pfalz.de\/index.php?rest_route=\/wp\/v2\/users\/1"}],"replies":[{"embeddable":true,"href":"https:\/\/www.julius-pfalz.de\/index.php?rest_route=%2Fwp%2Fv2%2Fcomments&post=266"}],"version-history":[{"count":63,"href":"https:\/\/www.julius-pfalz.de\/index.php?rest_route=\/wp\/v2\/pages\/266\/revisions"}],"predecessor-version":[{"id":4678,"href":"https:\/\/www.julius-pfalz.de\/index.php?rest_route=\/wp\/v2\/pages\/266\/revisions\/4678"}],"wp:attachment":[{"href":"https:\/\/www.julius-pfalz.de\/index.php?rest_route=%2Fwp%2Fv2%2Fmedia&parent=266"}],"curies":[{"name":"wp","href":"https:\/\/api.w.org\/{rel}","templated":true}]}}